False
Is 3193991 a prime number?
True
Is 524411 a composite number?
False
Is 6599 a composite number?
False
Is 27647 a composite number?
False
Is 2053 composite?
False
Is 20477 a prime number?
True
Is 164153 prime?
False
Is 10687 prime?
True
Is 180491 prime?
True
Is 1151 composite?
False
Is 16411 prime?
True
Is 4645 prime?
False
Is 169151 a prime number?
True
Is 18341 composite?
False
Is 425063 prime?
False
Is 4699 composite?
True
Is 253457 prime?
False
Is 3274 a prime number?
False
Is 248981 a composite number?
False
Is 325893 composite?
True
Is 1577 composite?
True
Is 36761 composite?
False
Is 382521 composite?
True
Is 102757 prime?
False
Is 3057 a prime number?
False
Is 3711 a prime number?
False
Is 13227 a composite number?
True
Is 283537 composite?
True
Is 187727 a prime number?
False
Is 1080593 composite?
True
Is 4547 a composite number?
False
Is 1587901 prime?
False
Is 581411 composite?
False
Is 228233 prime?
True
Is 8509 a composite number?
True
Is 6222959 a prime number?
True
Is 46021 a prime number?
True
Is 3299 a composite number?
False
Is 5171 composite?
False
Is 1597097 prime?
False
Is 19811 composite?
True
Is 396383 a composite number?
True
Is 179259 prime?
False
Is 25523 a prime number?
True
Is 311 a composite number?
False
Is 387371 a composite number?
False
Is 13307 composite?
True
Is 24589 a prime number?
False
Is 96749 a prime number?
True
Is 133801 a prime number?
True
Is 11533 a prime number?
False
Is 1249147 prime?
False
Is 26069 a composite number?
True
Is 31769 a composite number?
False
Is 147413 prime?
False
Is 156059 composite?
False
Is 57347 a composite number?
False
Is 2719 a prime number?
True
Is 155939 composite?
True
Is 26674 prime?
False
Is 11201 composite?
True
Is 73211 prime?
False
Is 713627 prime?
True
Is 8719 prime?
True
Is 14599 a prime number?
False
Is 1973 a prime number?
True
Is 7895 composite?
True
Is 47039 composite?
True
Is 98789 a composite number?
True
Is 545977 a composite number?
True
Is 6999 a composite number?
True
Is 2863 a prime number?
False
Is 47251 a prime number?
True
Is 3097 prime?
False
Is 58601 composite?
False
Is 571069 a prime number?
True
Is 27647 a composite number?
False
Is 92077 a composite number?
False
Is 13291 a composite number?
False
Is 5969 a composite number?
True
Is 256547 composite?
True
Is 109987 composite?
False
Is 35521 composite?
False
Is 26821 prime?
True
Is 941 a composite number?
False
Is 853759 composite?
False
Is 17881 a composite number?
False
Is 48215 a prime number?
False
Is 234571 a composite number?
False
Is 15071 composite?
True
Is 102863 a composite number?
True
Is 65386 a prime number?
False
Is 479 composite?
False
Is 4111 a prime number?
True
Is 256967 a prime number?
True
Is 576827 a composite number?
True
Is 7520303 a composite number?
True
Is 70491 a composite number?
True
Is 12599 composite?
True
Is 7899 a prime number?
False
Is 4861 a prime number?
True
Is 48747 a prime number?
False
Is 10391 composite?
False
Is 11513 prime?
False
Is 260439 prime?
False
Is 34449 composite?
True
Is 13 composite?
False
Is 17317 prime?
True
Is 2519 composite?
True
Is 61741 prime?
False
Is 12797 a prime number?
False
Is 183895 prime?
False
Is 22423 a prime number?
False
Is 31867 a prime number?
False
Is 42641 a prime number?
True
Is 81839 a prime number?
True
Is 26309 prime?
True
Is 346879 prime?
False
Is 264493 a composite number?
True
Is 6259 prime?
False
Is 8923 prime?
True
Is 32353 a prime number?
True
Is 3433 composite?
False
Is 13126 prime?
False
Is 8887 a composite number?
False
Is 2893 a composite number?
True
Is 29759 composite?
False
Is 939551 a composite number?
False
Is 5353 composite?
True
Is 119645 a composite number?
True
Is 536353 composite?
False
Is 469337 a prime number?
False
Is 15581 a composite number?
False
Is 22823 composite?
True
Is 4373 a prime number?
True
Is 95099 composite?
True
Is 3433 a prime number?
True
Is 457459 prime?
True
Is 388951 a composite number?
True
Is 3295 a prime number?
False
Is 1711427 prime?
True
Is 2914255 composite?
True
Is 176677 prime?
True
Is 2505939 prime?
False
Is 96011 a prime number?
False
Is 56519 a prime number?
True
Is 115289 prime?
False
Is 13393 composite?
True
Is 4057 a prime number?
True
Is 509087 composite?
False
Is 414573 prime?
False
Is 147835 composite?
True
Is 861539 a composite number?
True
Is 16331 a composite number?
True
Is 121787 prime?
True
Is 2122 a composite number?
True
Is 141157 a prime number?
True
Is 3761 prime?
True
Is 80849 a composite number?
False
Is 1155721 composite?
True
Is 73495 prime?
False
Is 3685631 composite?
False
Is 155101 prime?
False
Is 199 composite?
False
Is 18485 a prime number?
False
Is 587 prime?
True
Is 34781 a prime number?
True
Is 891707 prime?
True
Is 678793 a prime number?
False
Is 11141 a prime number?
False
Is 93007 prime?
False
Is 537841 prime?
True
Is 466243 a prime number?
True
Is 123121 a prime number?
True
Is 245339 prime?
True
Is 331 a composite number?
False
Is 560393 a prime number?
True
Is 933 prime?
False
Is 28511 a composite number?
True
Is 30307 a prime number?
True
Is 6469 a composite number?
False
Is 1563569 prime?
False
Is 177253 a prime number?
False
Is 15121 composite?
False
Is 49871 composite?
False
Is 1123 a prime number?
True
Is 487151 composite?
True
Is 24697 prime?
True
Is 17354 composite?
True
Is 38821 a prime number?
True
Is 178091 prime?
True
Is 403 a composite number?
True
Is 1419169 composite?
True
Is 69605 composite?
True
Is 3299 a prime number?
True
Is 2049 a composite number?
True
Is 16309 composite?
True
Is 15959 composite?
False
Is 153509 prime?
True
Is 31357 a composite number?
False
Is 2254519 composite?
True
Is 85001 a prime number?
False
Is 259327 a composite number?
True
Is 298513 composite?
False
Is 102137 a prime number?
False
Is 193449 prime?
False
Is 1949 a composite number?
False
Is 324946 composite?
True
Is 607301 a composite number?
False
Is 50613 a composite number?
True
Is 140555 prime?
False
Is 5981 a prime number?
True
Is 3593 a composite number?
False
Is 17021 a composite number?
False
Is 39001 composite?
True
Is 30983 a prime number?
True
Is 559567 composite?
True
Is 59009 composite?
False
Is 963959 a prime number?
False
Is 6371 prime?
False
Is 745 a prime number?
False
Is 1733 a prime number?
True
Is 390953 a composite number?
False
Is 33529 composite?
False
Is 80611 a prime number?
True
Is 998 prime?
False
Is 64217 a prime number?
True
Is 128021 prime?
True
Is 66881 composite?
True
Is 195422 prime?
False
Is 1761 composite?
True
Is 56629 composite?
False
Is 229111 prime?
False
Is 95983 composite?
True
Is 78313 prime?
False
Is 8659 a prime number?
False
Is 195593 a composite number?
False
Is 235 a prime number?
False
Is 4699 a composite number?
True
Is 184553 composite?
False
Is 67813 a composite number?
True
Is 216527 composite?
True
Is 48673 a prime number?
True
Is 816779 a composite number?
False
Is 109814 a prime number?
False
Is 76547 prime?
False
Is 4783 a prime number?
True
Is 161978 a prime number?
False
Is 797 prime?
True
Is 156739 composite?
True
Is 460171 composite?
False
Is 1304351 prime?
False
Is 66841 a composite number?
False
Is 384287 composite?
False
Is 16183 a composite number?
False
Is 5490517 a prime number?
True
Is 173829 composite?
True
Is 50117 a composite number?
True
Is 30035 a composite number?
True
Is 1560617 prime?
False
Is 6761 a prime number?
True
Is 709 composite?
False
Is 32491 prime?
True
Is 629753 a composite number?
True
Is 72971 a prime number?
False
Is 63139 a prime number?
False
Is 34433 a composite number?
True
Is 1171 prime?
True
Is 813079 composite?
True
Is 456583 a composite number?
True
Is 7367 a prime number?
False
Is 60397 a composite number?
False
Is 62513 prime?
False
Is 12433 prime?
True
Is 18509 prime?
False
Is 4267 prime?
False
Is 241041 composite?
True
Is 640579 prime?
True
Is 457139 a prime number?
True
Is 2383 composite?
False
Is 100301 composite?
True
Is 803849 composite?
False
Is 21259 composite?
True
Is 793229 composite?
False
Is 58991 prime?
True
Is 1754911 prime?
True
Is 20887 prime?
True
Is 244327 composite?
True
Is 1349961 a composite number?
True
Is 177437 prime?
False
Is 182801 a prime number?
False
Is 19207 a prime number?
True
Is 2118689 a composi